?
2, 13
What are the prime factors of 1779?
3, 593
List the prime factors of 264.
2, 3, 11
What are the prime factors of 31133?
163, 191
List the prime factors of 16757.
13, 1289
List the prime factors of 1738.
2, 11, 79
List the prime factors of 6218.
2, 3109
List the prime factors of 105859.
13, 17, 479
List the prime factors of 2218.
2, 1109
List the prime factors of 871.
13, 67
List the prime factors of 33529.
33529
What are the prime factors of 636?
2, 3, 53
List the prime factors of 78068.
2, 29, 673
List the prime factors of 3816.
2, 3, 53
What are the prime factors of 105536?
2, 17, 97
What are the prime factors of 2082?
2, 3, 347
What are the prime factors of 11335?
5, 2267
What are the prime factors of 12322?
2, 61, 101
List the prime factors of 17604.
2, 3, 163
List the prime factors of 62470.
2, 5, 6247
List the prime factors of 6244.
2, 7, 223
What are the prime factors of 25263?
3, 7, 401
List the prime factors of 23044.
2, 7, 823
List the prime factors of 238.
2, 7, 17
List the prime factors of 1152.
2, 3
What are the prime factors of 1603?
7, 229
List the prime factors of 3077.
17, 181
List the prime factors of 3843.
3, 7, 61
What are the prime factors of 12790?
2, 5, 1279
List the prime factors of 19524.
2, 3, 1627
What are the prime factors of 9556?
2, 2389
What are the prime factors of 7322?
2, 7, 523
What are the prime factors of 895?
5, 179
List the prime factors of 12654.
2, 3, 19, 37
List the prime factors of 74208.
2, 3, 773
What are the prime factors of 8806?
2, 7, 17, 37
List the prime factors of 6110.
2, 5, 13, 47
List the prime factors of 1366.
2, 683
What are the prime factors of 1551?
3, 11, 47
List the prime factors of 14157.
3, 11, 13
What are the prime factors of 16?
2
List the prime factors of 10649.
23, 463
List the prime factors of 36785.
5, 7, 1051
List the prime factors of 15838.
2, 7919
What are the prime factors of 9724?
2, 11, 13, 17
List the prime factors of 859.
859
List the prime factors of 3733.
3733
List the prime factors of 1044.
2, 3, 29
What are the prime factors of 71?
71
List the prime factors of 465.
3, 5, 31
List the prime factors of 6162.
2, 3, 13, 79
List the prime factors of 4793.
4793
What are the prime factors of 70916?
2, 17729
List the prime factors of 1060.
2, 5, 53
List the prime factors of 46940.
2, 5, 2347
List the prime factors of 4646.
2, 23, 101
List the prime factors of 1609.
1609
List the prime factors of 132059.
132059
What are the prime factors of 31612?
2, 7, 1129
What are the prime factors of 2911?
41, 71
List the prime factors of 345.
3, 5, 23
What are the prime factors of 442?
2, 13, 17
What are the prime factors of 141837?
3, 47279
List the prime factors of 35840.
2, 5, 7
What are the prime factors of 960?
2, 3, 5
List the prime factors of 9562.
2, 7, 683
What are the prime factors of 258?
2, 3, 43
What are the prime factors of 17880?
2, 3, 5, 149
List the prime factors of 1725.
3, 5, 23
What are the prime factors of 4016?
2, 251
List the prime factors of 2784.
2, 3, 29
List the prime factors of 13280.
2, 5, 83
What are the prime factors of 29566?
2, 14783
What are the prime factors of 1456?
2, 7, 13
List the prime factors of 1098.
2, 3, 61
What are the prime factors of 672?
2, 3, 7
List the prime factors of 415.
5, 83
List the prime factors of 10616.
2, 1327
List the prime factors of 2068.
2, 11, 47
List the prime factors of 2401.
7
List the prime factors of 4600.
2, 5, 23
What are the prime factors of 12691?
7, 37
What are the prime factors of 773?
773
What are the prime factors of 2328?
2, 3, 97
What are the prime factors of 12051?
3, 13, 103
What are the prime factors of 3410?
2, 5, 11, 31
What are the prime factors of 3525?
3, 5, 47
List the prime factors of 14417.
13, 1109
List the prime factors of 20646.
2, 3, 31, 37
List the prime factors of 31810.
2, 5, 3181
List the prime factors of 12170.
2, 5, 1217
List the prime factors of 12004.
2, 3001
List the prime factors of 1164.
2, 3, 97
What are the prime factors of 3838?
2, 19, 101
What are the prime factors of 2150?
2, 5, 43
List the prime factors of 53574.
2, 3, 8929
What are the prime factors of 971?
971
What are the prime factors of 1153?
1153
List the prime factors of 2091.
3, 17, 41
List the prime factors of 963.
3, 107
List the prime factors of 97456.
2, 6091
List the prime factors of 4142.
2, 19, 109
List the prime factors of 2957.
2957
List the prime factors of 18197.
31, 587
What are the prime factors of 12005?
5, 7
What are the prime factors of 5754?
2, 3, 7, 137
List the prime factors of 743.
743
What are the prime factors of 3107?
13, 239
What are the prime factors of 22415?
5, 4483
List the prime factors of 51908.
2, 19, 683
What are the prime factors of 2345?
5, 7, 67
List the prime factors of 19233.
3, 2137
What are the prime factors of 6374?
2, 3187
What are the prime factors of 24252?
2, 3, 43, 47
What are the prime factors of 50848?
2, 7, 227
What are the prime factors of 2001?
3, 23, 29
List the prime factors of 87153.
3, 11, 19, 139
List the prime factors of 38369.
17, 37, 61
List the prime factors of 30.
2, 3, 5
What are the prime factors of 44329?
97, 457
List the prime factors of 890.
2, 5, 89
What are the prime factors of 7295?
5, 1459
What are the prime factors of 4431?
3, 7, 211
List the prime factors of 3005.
5, 601
List the prime factors of 155770.
2, 5, 37, 421
What are the prime factors of 3557?
3557
What are the prime factors of 449?
449
What are the prime factors of 61713?
3, 6857
List the prime factors of 11434.
2, 5717
List the prime factors of 4746.
2, 3, 7, 113
List the prime factors of 2989.
7, 61
What are the prime factors of 24124?
2, 37, 163
List the prime factors of 13216.
2, 7, 59
List the prime factors of 36.
2, 3
What are the prime factors of 11053?
7, 1579
What are the prime factors of 75356?
2, 18839
List the prime factors of 7822.
2, 3911
What are the prime factors of 52774?
2, 26387
What are the prime factors of 6260?
2, 5, 313
What are the prime factors of 1447?
1447
List the prime factors of 4958.
2, 37, 67
List the prime factors of 7136.
2, 223
List the prime factors of 2327.
13, 179
What are the prime factors of 4668?
2, 3, 389
What are the prime factors of 3331?
3331
List the prime factors of 8146.
2, 4073
List the prime factors of 1027.
13, 79
List the prime factors of 15386.
2, 7, 157
List the prime factors of 1398.
2, 3, 233
List the prime factors of 6548.
2, 1637
What are the prime factors of 1490?
2, 5, 149
What are the prime factors of 1813?
7, 37
What are the prime factors of 1278?
2, 3, 71
List the prime factors of 8775.
3, 5, 13
List the prime factors of 24908.
2, 13, 479
List the prime factors of 11788.
2, 7, 421
List the prime factors of 2267.
2267
What are the prime factors of 852?
2, 3, 71
What are the prime factors of 43457?
43457
What are the prime factors of 37?
37
What are the prime factors of 23282?
2, 7, 1663
What are the prime factors of 19666?
2, 9833
What are the prime factors of 185?
5, 37
List the prime factors of 4043.
13, 311
List the prime factors of 75621.
3, 7, 13, 277
List the prime factors of 2563.
11, 233
What are the prime factors of 80798?
2, 71, 569
What are the prime factors of 2196?
2, 3, 61
List the prime factors of 6773.
13, 521
What are the prime factors of 183?
3, 61
List the prime factors of 14823.
3, 61
What are the prime factors of 11414?
2, 13, 439
List the prime factors of 40359.
3, 11, 1223
List the prime factors of 26342.
2, 13171
List the prime factors of 995.
5, 199
List the prime factors of 1291.
1291
List the prime factors of 2858.
2, 1429
List the prime factors of 3751.
11, 31
What are the prime factors of 1216?
2, 19
List the prime factors of 56322.
2, 3, 7, 149
What are the prime factors of 63350?
2, 5, 7, 181
List the prime factors of 654.
2, 3, 109
List the prime factors of 83201.
19, 29, 151
What are the prime factors of 3402?
2, 3, 7
What are the prime factors of 1808?
2, 113
List the prime factors of 151433.
151433
List the prime factors of 8378.
2, 59, 71
List the prime factors of 58479.
3, 101, 193
List the prime factors of 112.
2, 7
What are the prime factors of 189133?
7, 41, 659
What are the prime factors of 3841?
23, 167
List the prime factors of 38.
2, 19
List the prime factors of 9220.
2, 